{"id":13155,"date":"2024-07-10T13:30:07","date_gmt":"2024-07-10T13:30:07","guid":{"rendered":"https:\/\/www.fws.ch\/?post_type=ufaq&#038;p=13155"},"modified":"2024-07-10T13:30:07","modified_gmt":"2024-07-10T13:30:07","slug":"bei-welcher-wandhoehe-wird-die-waermepumpe-noch-als-freistehend-beurteilt","status":"publish","type":"ufaq","link":"https:\/\/www.fws.ch\/fr\/ufaq\/bei-welcher-wandhoehe-wird-die-waermepumpe-noch-als-freistehend-beurteilt\/","title":{"rendered":"Bei welcher Wandh\u00f6he wird die W\u00e4rmepumpe noch als freistehend beurteilt?"},"content":{"rendered":"<div  class=\"ewd-ufaq-faq-list ewd-ufaq-page-type-distinct ewd-ufaq-category-tabs-\" id='ewd-ufaq-faq-list'>\n\n\t<input type='hidden' name='show_on_load' value='' id='ewd-ufaq-show-on-load' \/>\n<input type='hidden' name='include_category' value='' id='ewd-ufaq-include-category' \/>\n<input type='hidden' name='exclude_category' value='' id='ewd-ufaq-exclude-category' \/>\n<input type='hidden' name='orderby' value='set_order' id='ewd-ufaq-orderby' \/>\n<input type='hidden' name='order' value='desc' id='ewd-ufaq-order' \/>\n<input type='hidden' name='post_count' value='-1' id='ewd-ufaq-post-count' \/>\n<input type='hidden' name='current_url' value='\/fr\/wp-json\/wp\/v2\/ufaq\/13155' id='ewd-ufaq-current-url' \/>\n\t\n\t\n\t<div class='ewd-ufaq-faqs'>\n\n\t\t<div  class=\"ewd-ufaq-faq-div ewd-ufaq-faq-column-count-one ewd-ufaq-faq-responsive-columns- ewd-ufaq-faq-display-style-default ewd-ufaq-can-be-toggled\" id='ewd-ufaq-post-13155-la3t4lmyj7' data-post_id='13155'>\n\n\t\t\n\t<div class='ewd-ufaq-faq-title ewd-ufaq-faq-toggle'>\n\t\n\t<a class='ewd-ufaq-post-margin'  href='#' role=\"button\">\n\n\t\t<div class='ewd-ufaq-post-margin-symbol ewd-ufaq-'>\n\t\t\t<span >A<\/span>\n\t\t<\/div>\n\n\t\t<div class='ewd-ufaq-faq-title-text'>\n\n\t\t\t<h4>\n\t\t\t\tBei welcher Wandh\u00f6he wird die W\u00e4rmepumpe noch als freistehend beurteilt?\t\t\t<\/h4>\n\n\t\t<\/div>\n\n\t\t<div class='ewd-ufaq-clear'><\/div>\n\n\t<\/a>\n\t\n<\/div>\n\t\n\t<div class='ewd-ufaq-faq-body' >\n\n\t\t\n\t\t\t\n\t\t\n\t\t\t<div class='ewd-ufaq-post-margin ewd-ufaq-faq-post'>\n\t<p>Da eine Schalld\u00e4mmwand kein statischer Bestandteil eines Geb\u00e4udes ist, darf sie so hoch sein, wie es technisch sinnvoll ist.<\/p>\n<\/div>\n\t\t\n\t\t\t\n\t\t\n\t\t\t\n\t\t\n\t\t\t\n\t\t\n\t\t\t\n\t\t\n\t\t\t\n\t\t\n\t\t\t\n\t\t\n\t\t\t\n\t\t\n\t\t\t\n\t\t\n\t<\/div>\n\n<\/div>\n\t<\/div>\n\n\t\n<\/div>","protected":false},"excerpt":{"rendered":"<p>A Bei welcher Wandh\u00f6he wird die W\u00e4rmepumpe noch als freistehend beurteilt? Da eine Schalld\u00e4mmwand kein statischer Bestandteil eines Geb\u00e4udes ist, darf sie so hoch sein, wie es technisch sinnvoll ist.<\/p>\n","protected":false},"author":5,"featured_media":0,"comment_status":"closed","ping_status":"closed","template":"","ufaq-category":[127],"ufaq-tag":[],"class_list":["post-13155","ufaq","type-ufaq","status-publish","hentry","ufaq-category-laermschutzverordnung"],"_links":{"self":[{"href":"https:\/\/www.fws.ch\/fr\/wp-json\/wp\/v2\/ufaq\/13155","targetHints":{"allow":["GET"]}}],"collection":[{"href":"https:\/\/www.fws.ch\/fr\/wp-json\/wp\/v2\/ufaq"}],"about":[{"href":"https:\/\/www.fws.ch\/fr\/wp-json\/wp\/v2\/types\/ufaq"}],"author":[{"embeddable":true,"href":"https:\/\/www.fws.ch\/fr\/wp-json\/wp\/v2\/users\/5"}],"replies":[{"embeddable":true,"href":"https:\/\/www.fws.ch\/fr\/wp-json\/wp\/v2\/comments?post=13155"}],"wp:attachment":[{"href":"https:\/\/www.fws.ch\/fr\/wp-json\/wp\/v2\/media?parent=13155"}],"wp:term":[{"taxonomy":"ufaq-category","embeddable":true,"href":"https:\/\/www.fws.ch\/fr\/wp-json\/wp\/v2\/ufaq-category?post=13155"},{"taxonomy":"ufaq-tag","embeddable":true,"href":"https:\/\/www.fws.ch\/fr\/wp-json\/wp\/v2\/ufaq-tag?post=13155"}],"curies":[{"name":"wp","href":"https:\/\/api.w.org\/{rel}","templated":true}]}}

Bei welcher Wandhöhe wird die Wärmepumpe noch als freistehend beurteilt?

<div  class="ewd-ufaq-faq-list ewd-ufaq-page-type-distinct ewd-ufaq-category-tabs-" id='ewd-ufaq-faq-list'>

	<input type='hidden' name='show_on_load' value='' id='ewd-ufaq-show-on-load' />
<input type='hidden' name='include_category' value='' id='ewd-ufaq-include-category' />
<input type='hidden' name='exclude_category' value='' id='ewd-ufaq-exclude-category' />
<input type='hidden' name='orderby' value='set_order' id='ewd-ufaq-orderby' />
<input type='hidden' name='order' value='desc' id='ewd-ufaq-order' />
<input type='hidden' name='post_count' value='-1' id='ewd-ufaq-post-count' />
<input type='hidden' name='current_url' value='/fr/wp-json/wp/v2/ufaq/13155' id='ewd-ufaq-current-url' />
	
	
	<div class='ewd-ufaq-faqs'>

		<div  class="ewd-ufaq-faq-div ewd-ufaq-faq-column-count-one ewd-ufaq-faq-responsive-columns- ewd-ufaq-faq-display-style-default ewd-ufaq-can-be-toggled" id='ewd-ufaq-post-13155-la3t4lmyj7' data-post_id='13155'>

		
	<div class='ewd-ufaq-faq-title ewd-ufaq-faq-toggle'>
	
	<a class='ewd-ufaq-post-margin'  href='#' role="button">

		<div class='ewd-ufaq-post-margin-symbol ewd-ufaq-'>
			<span >A</span>
		</div>

		<div class='ewd-ufaq-faq-title-text'>

			<h4>
				Bei welcher Wandhöhe wird die Wärmepumpe noch als freistehend beurteilt?			</h4>

		</div>

		<div class='ewd-ufaq-clear'></div>

	</a>
	
</div>
	
	<div class='ewd-ufaq-faq-body' >

		
			
		
			<div class='ewd-ufaq-post-margin ewd-ufaq-faq-post'>
	<p>Da eine Schalldämmwand kein statischer Bestandteil eines Gebäudes ist, darf sie so hoch sein, wie es technisch sinnvoll ist.</p>
</div>
		
			
		
			
		
			
		
			
		
			
		
			
		
			
		
			
		
	</div>

</div>
	</div>

	
</div>

<p>A Bei welcher Wandhöhe wird die Wärmepumpe noch als freistehend beurteilt? Da eine Schalldämmwand kein statischer Bestandteil eines Gebäudes ist, darf sie so hoch sein, wie es technisch sinnvoll ist.</p>
