{"id":13386,"date":"2024-09-04T14:49:29","date_gmt":"2024-09-04T14:49:29","guid":{"rendered":"https:\/\/www.fws.ch\/?post_type=ufaq&#038;p=13386"},"modified":"2024-09-04T15:16:38","modified_gmt":"2024-09-04T15:16:38","slug":"peut-on-determiner-soi-meme-si-la-fenetre-de-sa-facade-ou-du-batiment-voisin-peut-etre-choisie","status":"publish","type":"ufaq","link":"https:\/\/www.fws.ch\/fr\/ufaq\/peut-on-determiner-soi-meme-si-la-fenetre-de-sa-facade-ou-du-batiment-voisin-peut-etre-choisie\/","title":{"rendered":"Peut-on d\u00e9terminer soi-m\u00eame si la fen\u00eatre de sa fa\u00e7ade ou du b\u00e2timent voisin peut \u00eatre choisie\u00a0?"},"content":{"rendered":"<div  class=\"ewd-ufaq-faq-list ewd-ufaq-page-type-distinct ewd-ufaq-category-tabs-\" id='ewd-ufaq-faq-list'>\n\n\t<input type='hidden' name='show_on_load' value='' id='ewd-ufaq-show-on-load' \/>\n<input type='hidden' name='include_category' value='' id='ewd-ufaq-include-category' \/>\n<input type='hidden' name='exclude_category' value='' id='ewd-ufaq-exclude-category' \/>\n<input type='hidden' name='orderby' value='set_order' id='ewd-ufaq-orderby' \/>\n<input type='hidden' name='order' value='desc' id='ewd-ufaq-order' \/>\n<input type='hidden' name='post_count' value='-1' id='ewd-ufaq-post-count' \/>\n<input type='hidden' name='current_url' value='\/fr\/wp-json\/wp\/v2\/ufaq\/13386' id='ewd-ufaq-current-url' \/>\n\t\n\t\n\t<div class='ewd-ufaq-faqs'>\n\n\t\t<div  class=\"ewd-ufaq-faq-div ewd-ufaq-faq-column-count-one ewd-ufaq-faq-responsive-columns- ewd-ufaq-faq-display-style-default ewd-ufaq-can-be-toggled\" id='ewd-ufaq-post-13386-gdn7di8YGx' data-post_id='13386'>\n\n\t\t\n\t<div class='ewd-ufaq-faq-title ewd-ufaq-faq-toggle'>\n\t\n\t<a class='ewd-ufaq-post-margin'  href='#' role=\"button\">\n\n\t\t<div class='ewd-ufaq-post-margin-symbol ewd-ufaq-'>\n\t\t\t<span >A<\/span>\n\t\t<\/div>\n\n\t\t<div class='ewd-ufaq-faq-title-text'>\n\n\t\t\t<h4>\n\t\t\t\tPeut-on d\u00e9terminer soi-m\u00eame si la fen\u00eatre de sa fa\u00e7ade ou du b\u00e2timent voisin peut \u00eatre choisie\u00a0?\t\t\t<\/h4>\n\n\t\t<\/div>\n\n\t\t<div class='ewd-ufaq-clear'><\/div>\n\n\t<\/a>\n\t\n<\/div>\n\t\n\t<div class='ewd-ufaq-faq-body' >\n\n\t\t\n\t\t\t\n\t\t\n\t\t\t<div class='ewd-ufaq-post-margin ewd-ufaq-faq-post'>\n\t\n<p>En principe, l\u2019autorit\u00e9 d\u2019ex\u00e9cution du canton ou de la commune prend la d\u00e9cision. On recommande toujours d\u2019\u00e9valuer les situations de mani\u00e8re opportuniste et de discuter de sa propre \u00e9valuation avec l\u2019Office des constructions.<\/p>\n<\/div>\n\t\t\n\t\t\t\n\t\t\n\t\t\t\n\t\t\n\t\t\t\n\t\t\n\t\t\t\n\t\t\n\t\t\t\n\t\t\n\t\t\t\n\t\t\n\t\t\t\n\t\t\n\t\t\t\n\t\t\n\t<\/div>\n\n<\/div>\n\t<\/div>\n\n\t\n<\/div>","protected":false},"excerpt":{"rendered":"<p>A Peut-on d\u00e9terminer soi-m\u00eame si la fen\u00eatre de sa fa\u00e7ade ou du b\u00e2timent voisin peut \u00eatre choisie\u00a0? En principe, l\u2019autorit\u00e9 d\u2019ex\u00e9cution du canton ou de la commune prend la d\u00e9cision. On recommande toujours d\u2019\u00e9valuer les situations de mani\u00e8re opportuniste et de discuter de sa propre \u00e9valuation avec l\u2019Office des constructions.<\/p>\n","protected":false},"author":16,"featured_media":0,"comment_status":"open","ping_status":"closed","template":"","ufaq-category":[128],"ufaq-tag":[],"class_list":["post-13386","ufaq","type-ufaq","status-publish","hentry","ufaq-category-ordonnancesurlaprotectioncontrelebruit"],"_links":{"self":[{"href":"https:\/\/www.fws.ch\/fr\/wp-json\/wp\/v2\/ufaq\/13386","targetHints":{"allow":["GET"]}}],"collection":[{"href":"https:\/\/www.fws.ch\/fr\/wp-json\/wp\/v2\/ufaq"}],"about":[{"href":"https:\/\/www.fws.ch\/fr\/wp-json\/wp\/v2\/types\/ufaq"}],"author":[{"embeddable":true,"href":"https:\/\/www.fws.ch\/fr\/wp-json\/wp\/v2\/users\/16"}],"replies":[{"embeddable":true,"href":"https:\/\/www.fws.ch\/fr\/wp-json\/wp\/v2\/comments?post=13386"}],"wp:attachment":[{"href":"https:\/\/www.fws.ch\/fr\/wp-json\/wp\/v2\/media?parent=13386"}],"wp:term":[{"taxonomy":"ufaq-category","embeddable":true,"href":"https:\/\/www.fws.ch\/fr\/wp-json\/wp\/v2\/ufaq-category?post=13386"},{"taxonomy":"ufaq-tag","embeddable":true,"href":"https:\/\/www.fws.ch\/fr\/wp-json\/wp\/v2\/ufaq-tag?post=13386"}],"curies":[{"name":"wp","href":"https:\/\/api.w.org\/{rel}","templated":true}]}}

Peut-on déterminer soi-même si la fenêtre de sa façade ou du bâtiment voisin peut être choisie ?

<div  class="ewd-ufaq-faq-list ewd-ufaq-page-type-distinct ewd-ufaq-category-tabs-" id='ewd-ufaq-faq-list'>

	<input type='hidden' name='show_on_load' value='' id='ewd-ufaq-show-on-load' />
<input type='hidden' name='include_category' value='' id='ewd-ufaq-include-category' />
<input type='hidden' name='exclude_category' value='' id='ewd-ufaq-exclude-category' />
<input type='hidden' name='orderby' value='set_order' id='ewd-ufaq-orderby' />
<input type='hidden' name='order' value='desc' id='ewd-ufaq-order' />
<input type='hidden' name='post_count' value='-1' id='ewd-ufaq-post-count' />
<input type='hidden' name='current_url' value='/fr/wp-json/wp/v2/ufaq/13386' id='ewd-ufaq-current-url' />
	
	
	<div class='ewd-ufaq-faqs'>

		<div  class="ewd-ufaq-faq-div ewd-ufaq-faq-column-count-one ewd-ufaq-faq-responsive-columns- ewd-ufaq-faq-display-style-default ewd-ufaq-can-be-toggled" id='ewd-ufaq-post-13386-gdn7di8YGx' data-post_id='13386'>

		
	<div class='ewd-ufaq-faq-title ewd-ufaq-faq-toggle'>
	
	<a class='ewd-ufaq-post-margin'  href='#' role="button">

		<div class='ewd-ufaq-post-margin-symbol ewd-ufaq-'>
			<span >A</span>
		</div>

		<div class='ewd-ufaq-faq-title-text'>

			<h4>
				Peut-on déterminer soi-même si la fenêtre de sa façade ou du bâtiment voisin peut être choisie ?			</h4>

		</div>

		<div class='ewd-ufaq-clear'></div>

	</a>
	
</div>
	
	<div class='ewd-ufaq-faq-body' >

		
			
		
			<div class='ewd-ufaq-post-margin ewd-ufaq-faq-post'>
	
<p>En principe, l’autorité d’exécution du canton ou de la commune prend la décision. On recommande toujours d’évaluer les situations de manière opportuniste et de discuter de sa propre évaluation avec l’Office des constructions.</p>
</div>
		
			
		
			
		
			
		
			
		
			
		
			
		
			
		
			
		
	</div>

</div>
	</div>

	
</div>

<p>A Peut-on déterminer soi-même si la fenêtre de sa façade ou du bâtiment voisin peut être choisie ? En principe, l’autorité d’exécution du canton ou de la commune prend la décision. On recommande toujours d’évaluer les situations de manière opportuniste et de discuter de sa propre évaluation avec l’Office des constructions.</p>
